-8 + 12. Suppose 0 = j*w - 2*w - 18. Let p(h) = -122*h + 5 + 3 + 0 - 10 + 123*h. Give p(w).
7
Let m(j) be the second derivative of j**3/6 + 5*j**2 + 114*j. Let s be -13 + ((-22)/55)/((-4)/50). Give m(s).
2
Let y(t) = t**2 + 519*t + 4586. Let x be y(-9). Let r(w) = -2*w**2 - 30*w - 97. Give r(x).
-9
Let l = 0 + 4. Let y = l - 3. Let t(h) = 1 - 2*h + 430*h**2 + 456*h**2 - 6*h**3 - 885*h**2. Give t(y).
-6
Let q(y) = 5 + 8*y - 2*y - 5 - 5*y - 3. Suppose 0 = -9*x - 5 + 23. Calculate q(x).
-1
Let b(i) = -5*i**2 - 2*i + 3. Suppose 0 = -104*d + 71 + 33. Determine b(d).
-4
Let r(s) = s + 2. Suppose -3*q = 4*m + 912, 4*q = -m + 7*q - 228. Let n be (3 - m/(-4))*1/(-2). Let u be (-4)/6 - 225/n. Determine r(u).
-7
Let z(w) = 63*w + 316. Let l(d) = 29*d + 158. Let f(k) = -9*l(k) + 4*z(k). What is f(-17)?
-5
Let m = 481 - 486. Let l(s) = -33*s**3 - 2*s + 5. Let i(f) = -18*f**3 - f + 3. Let o(q) = m*i(q) + 3*l(q). What is o(-1)?
10
Let h be 5271/(-35) - (-1 - 7/(-5)). Let j = -153 - h. Let f(o) = 4*o**2 - o - 1. What is f(j)?
17
Let d(n) = -2*n**3 + n**2 + 1. Let q(g) = -5*g**3 - 3*g**2 - 5*g + 1. Suppose 0 = 8*o - 3*o + 5. Let m(f) = o*q(f) + 2*d(f). Determine m(-4).
-3
Suppose c = 0, -4*f - 1475*c + 1473*c - 24 = 0. Let g(r) = -2*r**2 - 17*r - 27. Calculate g(f).
3
Let x(k) be the second derivative of 2*k**4 - 1/20*k**5 + 0*k**3 + 9*k + 1/720*k**6 + 0*k**2 + 0. Let d(z) be the third derivative of x(z). Calculate d(5).
-1
Let s(t) = t**2 - 5*t - 8. Let n(i) = 3*i**2 - 10*i - 23. Let d(p) = 3*n(p) - 8*s(p). Determine d(-11).
6
Let d(k) = 8*k + 9. Let s(c) = c - 12. Let o(b) = -b - 11. Let p(q) = 4*o(q) - 3*s(q). Let n(u) = 6*d(u) + 7*p(u). Give n(7).
-9
Let u(z) = -41*z - 258 - 36*z + 14*z - 18*z. Let r(d) = 5*d + 16. Let t(h) = 33*r(h) + 2*u(h). Calculate t(-5).
-3
Let w(t) = -t - 7*t + 13*t + t + 40*t - 24 - 17*t**2. Let y(r) = -5*r**2 + 15*r - 8. Let x(o) = 2*w(o) - 7*y(o). Calculate x(12).
-4
Let h(w) be the first derivative of w**4/24 - 13*w**3/6 + 7*w**2 - 2*w - 65. Let q(m) be the second derivative of h(m). Calculate q(11).
-2
Let l be 3 + (24/4)/(-3)*-2. Let s(u) = 8*u + 14*u**2 + 2*u**2 - 15*u**2 + l. Give s(-5).
-8
Let i(b) be the first derivative of b**4/4 + 8*b**3/3 - 11*b**2/2 - 12*b + 297. Calculate i(-9).
6
Let m(u) = -34*u + 159. Let f(r) = 339*r - 1620. Let z(v) = -2*f(v) - 21*m(v). Give z(3).
9
Let t = 1226 + -1231. Let b(x) = -x**2 - 5*x. Give b(t).
0
Let u(h) = -h**2 - 51*h + 611. Let m be u(10). Let n(f) = 6*f**3 + 1. What is n(m)?
7
Let u(w) = -w**2 + 3*w - 174. Let y(l) = 2*l**2 - 76*l + 330. Let r be y(33). Determine u(r).
-174
Let g(x) be the first derivative of -1/6*x**3 + 1/12*x**4 - 42 + 0*x - 41/2*x**2. Let d(u) be the second derivative of g(u). What is d(2)?
3
Let z(d) = 2*d**2 + 14*d + 8. Suppose -2*c + 22 = 17*i - 19*i, i + 2*c + 8 = 0. Determine z(i).
68
Suppose -5*f = 3*q - 49, -q + 7*f = 12*f - 33. Let a(o) = -o - 1. Let p(j) = 5. Let v(c) = a(c) - p(c). Give v(q).
-14
Suppose -3 = -4*c - 11. Let d be (-10)/(-5) - -3*(-2)/c. Let y(g) = 14*g - 5*g - d - 11*g**2 + 10*g**2. Determine y(8).
3
Let m(p) = -26*p + 14. Let l(i) = 39*i - 22. Let n(c) = -5*l(c) - 7*m(c). Calculate n(1).
-1
Let k(y) = -5*y - 40. Let p = -25180 - -25165. What is k(p)?
35
Let h(c) = -4*c + 2. Let t be (10/(-2) - -4)*6*-1. Let y(p) = -2*p**2 + 9*p - 2. Let a be y(t). Let f be (-5)/a*-10*2. Give h(f).
22
Suppose 2*b + 5*t = -191, -t = 2*b - 6*t + 161. Let i = b - -82. Let y be (i/(-5))/(69/(-230)). Let w(q) = q - 4. What is w(y)?
-8
Let z(a) = 49*a - 6. Let h(u) = 23*u - 4. Let d(r) = -5*h(r) + 2*z(r). Let q(o) = -15*o + 9. Let b(s) = -5*d(s) + 6*q(s). Determine b(4).
-6
Let u(y) = 3*y**2 + 13*y + 17. Let j(q) = -q**2 - 4*q - 6. Let c(b) = 11*j(b) + 4*u(b). Suppose 719*w = 692*w - 216. Calculate c(w).
2
Let k(a) = a**3 + 8*a**2 - 13*a - 2. Let y = 2697 - 2706. Determine k(y).
34
Let x(d) be the second derivative of -d**5/20 + d**4/3 - d**3/3 - d**2 - 40*d. Calculate x(2).
2
Let p(k) = -2*k**3 + 17*k**2 - 14*k - 14. Let z(d) = -d**3 + 7*d**2 - 7*d - 7. Let j(q) = -4*p(q) + 9*z(q). Calculate j(-4).
5
Let m(d) = d**3 - 4*d**2 + 11*d + 8. Let a(u) = u**3 + u**2 + u - 1. Let q(h) = 2*a(h) - m(h). Let y be (26/4)/(7/42). Suppose 38 + y = -11*t. Give q(t).
4
Let i = 1131 + -1127. Let r(m) be the first derivative of 6*m - 7/2*m**2 - 7 + 1/4*m**i - m**3. Give r(4).
-6
Let y(j) = -286*j + 11*j**2 - 295*j + 877*j + j**3 - 319*j - 23. Determine y(-13).
-62
Let y(h) = -78*h + 341. Let r(c) = -2*c - 2. Let k(z) = 4*r(z) - y(z). Give k(5).
1
Let n(f) = 2*f**3 + 7*f**2 + 6*f + 12. Let w be (-2)/(-4) - (-525)/70 - 12/1. What is n(w)?
-28
Let f(c) = -2*c. Let a be (6/(-3) - 1/1) + 5. Suppose 0 = 4*t + a + 2. What is f(t)?
2
Suppose 6*g - 10*g + 64 = 2*m, g + 6 = 5*m. Let a(q) = q**2 - 13*q - 11. What is a(g)?
3
Let o(k) be the first derivative of -10*k + 15*k - 6*k + 57 + 48 + k**4. Give o(-1).
-5
Let k(a) = 6*a**2 + 3*a - 1. Let z(b) = -13*b**2 - 7*b + 2. Let w = -571 - -566. Let x(c) = w*k(c) - 2*z(c). Determine x(1).
-4
Let y(g) = 4*g + 8. Let m(o) = 2*o**2 - 40*o - 783. Let t be m(-12). What is y(t)?
-52
Let w(n) = 5*n - 41. Suppose 29765 = -31*d + 30230. What is w(d)?
34
Let t(p) = -p**3 + 6*p**2 - 8*p + 3. Suppose 288 - 88 = -8*w. Let d = -20 - w. Calculate t(d).
-12
Let i be -3 + 1 - 3381/(-1656). Let x(g) be the third derivative of -i*g**4 + 22*g**2 + 1/6*g**3 + 0*g**5 - 1/120*g**6 + 0 + 0*g. Calculate x(2).
-9
Let i = -370 + 412. Suppose -13*p = -19*p + i. Let d(w) = -w**3 + 6*w**2 + 9*w - 8. Determine d(p).
6
Let y = -99 + 104. Let h(i) = y*i**2 - 21*i**2 + 8*i**2 - i**3 - 3*i + 14*i**2 - 2. Determine h(4).
18
Let a(l) = -9*l + 196. Let c be a(21). Let p(k) = 1. Let j(s) = s**2 - 6*s + 7. Let g(o) = -j(o) + 5*p(o). Calculate g(c).
-9
Let c = 105 - 99. Let d(y) = -13*y - 3 + c + 16*y. Suppose 0 = -3*m + 5*m + 4. Calculate d(m).
-3
Suppose -2*h - 4*s + 12 = 0, 661*h - 3*s + 5 = 662*h. Let p(l) be the first derivative of l**4/4 - 3*l**3 + 4*l**2 + 4*l - 8. Determine p(h).
4
Let v(c) = -c**3 + 5*c**2 - c + 5. Let n = -594 - -582. Let r be (-195)/(-35) + n/21. Give v(r).
0
Let a(l) = -556 - 10*l - 552 + 1109. Let j be a(0). Let q(x) = x + 1. Calculate q(j).
2
Let z(i) = 173*i**2 + 4*i - 13. Let n(o) = 58*o**2 + o - 4. Let p(c) = 7*n(c) - 2*z(c). Determine p(-1).
59
Let n(s) = -s**2 - 2*s + 2. Let l(m) = -5*m**2 - 2*m + 16. Let g(a) = -l(a) + 4*n(a). Let q = 20 - 19. Let c be q/(-8) - (-114)/16. Give g(c).
-1
Suppose -3*n + 2112 = n. Let q be n/90 - (-2)/15. Let f(g) be the second derivative of g**3/6 - 7*g**2/2 + 95*g. Determine f(q).
-1
Let a(d) = d**2 - 8*d - 6. Let s(j) = j**2 - 9*j - 7. Let u(b) = 3*a(b) - 4*s(b). Suppose -69*m + 700 = 79. What is u(m)?
37
Suppose -2999 = -24*b + 2905. Let l = -240 + b. Let g(u) = 0*u**2 + 1 + u**2 + 0*u**2 - 6*u. Calculate g(l).
1
Let o(u) = -u + 2. Let h be (-4)/16*-4*(-4 - 3). Calculate o(h).
9
Let r(l) be the first derivative of -l**4 + 5*l**3/3 + 10*l + 3615. Determine r(4).
-166
Let d be (28/(-9))/((-4)/18). Suppose 0 = -3*o + d - 11. Let m(t) = 17*t**2 - 3*t + 2. Calculate m(o).
16
Let z(b) = 4*b + 23. Let c be -19 + (-13)/104*-104. Calculate z(c).
-1
Let i(l) = -2*l**2 + 6*l - 11. Let v(j) = -11*j**2 + 34*j - 63. Let b(g) = -34*i(g) + 6*v(g). Determine b(3).
14
Let x(a) = -5*a - 8. Suppose 2*p = 8*r - 7*r - 2, -5*p = -3*r + 8. Determine x(r).
-38
Let d be 34/119 + 5/((-105)/(-162)). Let n(j) = -35*j + 276. What is n(d)?
-4
Suppose 4*k + 4 = 2*g, -4*g - 4 = -k - 12. Let u(w) = -2 - 5*w**2 + 0*w**2 - 1 + 3*w**g - 5*w. Let m = 2 - 5. Give u(m).
-6
Let l(z) = 10*z**3 + z**2 - z - 1. Let j be (104/(-24))/((-1)/3). Suppose -c - 4*v - 24 + 5 = 0, -j = -3*c + 2*v. Let g be c/(3 + (-3 - 1)). What is l(g)?
-9
Let v(g) = g**2 - 77*g - 8*g + 6505 + 3*g**2 - 6401. Give v(20).
4
Let g(v) = -9*v**3 - 21*v**2 - 113*v + 39. Let w(a) = -5*a**3 - 11*a**2 - 66*a + 20. Let h(c) = 3*g(c) - 5*w(c). Calculate h(-5).
112
Let o(a) be the first derivative of 9*a**2/2 + 194*a + 7754. Determine o(-19).
23
Let k(s) = 22*s**3 + 14*s + 2*s**2 + 2 - s + 0*s - 4*s - 6*s. What is k(-1)?
-21
Suppose 2*u - 3*r - 6 = 4, -3*u = -2*r - 10. Let g(t) = t - 5 - 2*t + 2 + 4*t**u - 5*t + 0*t**3 + t**3. Determine g(-6).
-39
Let f(u) = -23*u + 100. Suppose -7*i + 1